**2 + 6*t - 4. Let w be s(-5). Let h = 74 - w. What is the units digit of h?
3
What is the tens digit of (((-1056)/10)/(-2))/((-9)/(-30))?
7
Suppose 3*i + 25 = 8*i + 3*f, -i - 4*f + 22 = 0. Let u be (1 - 2)/((-2)/i). Suppose 0 = 3*q - 22 + u. What is the units digit of q?
7
Suppose 0 = h + 4*h - 1850. What is the units digit of h/50 + (-6)/(-10)?
8
Suppose -84 = 3*f - 378. What is the units digit of f?
8
Suppose 0*s = s - 52. Suppose 5*o - 26 = -i, -4*i = 4*o - 52 - s. What is the units digit of i?
6
Suppose 3*l + 18 = 6*l. What is the units digit of l?
6
Suppose 0 = m - 2 + 7, -4*n + 174 = 2*m. What is the units digit of n?
6
Suppose 3*q + 6*l = 2*l + 62, 3*q = l + 82. What is the units digit of q?
6
Let s(z) = z**3 - 3*z**2 - 6*z - 4. Let b(p) = 6*p**2 + p. Let h be b(-1). Let j be s(h). Suppose -m - 3*m = -j. What is the units digit of m?
4
Let b(x) = -3*x**2 - 2*x + 2. Let k be -1*(-1 + 7)/3. Let a be b(k). What is the units digit of a/(-9)*(-1 + 4)?
2
Suppose 4*d - 5*b - 130 = 0, 5*d - 4*b - 22 = 136. Suppose 3*i - x = 19, -8*i + 3*i + 2*x = -d. What is the units digit of i?
8
Let m = -1 - -3. Let q = -8 + 3. Let d = m - q. What is the units digit of d?
7
What is the tens digit of (-5)/(5/(-41))*1*5?
0
Suppose -y - 5*o = 15, -y - o = -0*o - 1. Suppose -y*l + 37 = 3*x, -4*x - 3*l + 27 = -x. What is the units digit of x?
4
Suppose -2*m + 0*m + 20 = 0. Let x be ((-6)/15)/(2/m). Let p = x - -8. What is the units digit of p?
6
Suppose 4*t + 5*k = -56, 3*t = 4*k + k - 7. Let v(w) = w**2 + 9*w + 10. What is the tens digit of v(t)?
1
What is the units digit of 4/12*15 - -55?
0
Suppose q - 5*q + 92 = 0. Suppose -k - 15 = 5*b, -b = -3*k + b + q. Suppose 3*i = -k*y - 1, -4*y - 8 = -2*i + 6. What is the units digit of i?
3
Let z be 17*2/(-8)*4. Let m = z - -31. What is the units digit of m?
4
Suppose 4*k - 15 = -0*n - n, -5*n - k + 18 = 0. What is the units digit of n?
3
Let p = -48 + 15. Let m = p + 23. What is the tens digit of (3 + 0)*m/(-3)?
1
Let f(c) = -c**2 + 12*c + 4. Let p be f(12). Suppose p*w - 11 - 41 = 0. What is the units digit of w?
3
Suppose 118 = 3*s - a, 5*s - 3*a = a + 185. What is the tens digit of s?
4
Suppose 11*q - 20 = 6*q, -4*g = 5*q + 40. Let f be 6/g*60/(-3). Let a = 16 - f. What is the units digit of a?
8
Let m be (4/6)/((-2)/(-12)). What is the tens digit of (2/4)/(m/160)?
2
Suppose -5*p + 22 + 68 = 0. What is the tens digit of p?
1
Let b(r) = r**3 + 5*r**2 - 8*r + 4. Let x(q) = -q**3 - 4*q**2 + 7*q - 3. Let l = 5 - 1. Let i(h) = l*x(h) + 3*b(h). What is the units digit of i(-3)?
6
Let t(z) = -2*z**2. Let j be t(3). Let y = j - -30. What is the tens digit of y?
1
Suppose -11 = -k + c, -55 = k - 6*k + 2*c. Let s be k*(0 - -1)*-1. Let j = 21 + s. What is the tens digit of j?
1
Let o(s) = -s + 1. Let x be o(4). Let h(u) = -u - 2. What is the units digit of h(x)?
1
Let t = -8 - -2. Suppose 3*i - 3*n = 45, -n = 2*i + i - 29. Let s = i + t. What is the units digit of s?
5
Let r be -4*(-2 - 1)/6. Suppose r + 17 = p. What is the units digit of p?
9
What is the tens digit of (-182)/(-6) + (-1)/3?
3
Let i(u) = -u**2 - 3*u + 7. Let t be i(-4). Suppose 5*v = -3*h + 231, -5*v + 6*h = 2*h - 217. Suppose 0 = t*c - 6*c + v. What is the tens digit of c?
1
Let s(r) = -r**2 + 8*r + 5. Let v be s(7). Let u = v - 6. Suppose -3*k = u, k = m - k - 15. What is the units digit of m?
1
Suppose -2*y + 37 = 5*o - 35, 1 = y. What is the tens digit of o?
1
Let f = 19 + -15. What is the tens digit of 20/1 - (f - 3)?
1
Let w(d) = -d**2 - 11*d - 13. Suppose -2*j + x + 46 = 6*x, 84 = 5*j - 3*x. Suppose 2*m - j = 4*m. What is the units digit of w(m)?
5
Let m(d) = -d + 6. Let g be m(10). Let u = g + 14. What is the units digit of u?
0
Let v(i) = -4*i + 12. Let h be v(-9). Let k = -29 + h. What is the units digit of k?
9
Suppose 3*w = 6, -w - 106 = 4*v - 8*v. What is the units digit of v?
7
Let s(y) = -28*y - 1. Let m be s(-1). Let l = m - 15. What is the units digit of l?
2
Let o(z) = -z**3 - 16*z**2 - 19*z + 2. What is the tens digit of o(-15)?
6
Let r be ((-8)/(-6))/(4/24). What is the tens digit of 48*(4 - 26/r)?
3
What is the units digit of (-3 + -2)*48/(-5)?
8
Suppose 5 + 70 = p. What is the units digit of p?
5
Suppose -r - 11*a = -10*a - 247, 3*r - 739 = -2*a. What is the hundreds digit of r?
2
Suppose 2*u + 5*c = 25, -3 = -c - 0. Suppose -174 + 64 = -u*h. Suppose 0 = -2*w + 2*q + 8, -w - 4*q - q = -h. What is the units digit of w?
7
What is the tens digit of (11/(-4))/(2/(-32))?
4
Suppose 187 = -4*t + 1019. What is the tens digit of t?
0
Let p = 157 + -94. What is the units digit of p?
3
Let m be (1 + -2)*8/(-2). Suppose -5*k - 2*b = -361 + 57, 0 = 3*b - 6. Suppose -k = m*i - 9*i. What is the tens digit of i?
1
Let s(g) = -g**2 + 8*g - 1. Let z(y) = -y + 11. Let v be z(7). What is the tens digit of s(v)?
1
What is the units digit of 60/(-50)*70/(-3)?
8
Let s(k) = k + 1. Let v be s(-7). What is the units digit of (v/(-5))/(3/60)?
4
Let o be (1/1)/((-3)/(-15)). Let j(d) = 5*d**2 - 3*d**3 + 2*d**3 - 2 + 7. What is the units digit of j(o)?
5
Let a(j) be the first derivative of 5*j**2/2 + 4*j + 3. Let b be a(-3). What is the units digit of ((-3)/3 + 0)*b?
1
Let m(u) = -u + 1. Let d(w) = -5*w + 40. Let p(k) = d(k) - 6*m(k). What is the units digit of p(0)?
4
Let y = -22 - -30. What is the units digit of y?
8
Let y(v) = 21*v + 1. Let c be y(1). Suppose 2*a = 4*a - c. What is the units digit of a?
1
Suppose -230*d + 235*d - 5 = 0. What is the units digit of d?
1
Let h(d) = -d**3 - 1. Let k be h(-2). Let m(v) = 4*v - 8. Let x be m(k). Suppose -j = -6*j + x. What is the units digit of j?
4
Let j(a) = a**3 + 11*a**2 - 5*a. What is the units digit of j(-11)?
5
Let u be (2 - 28) + 0 - -1. Let j = -13 - u. What is the units digit of j?
2
Let j(n) = n + 1. Suppose -3 = -3*d + 6. Let c be j(d). Suppose 3*k - 59 = -c*i - 0*i, 0 = 5*i + 2*k - 65. What is the units digit of i?
1
Suppose 4*m - 1 = -4*p + 3, -1 = -m + 4*p. What is the tens digit of m/(1/36*3)?
1
Suppose 701 = 7*j - 391. What is the units digit of j?
6
Suppose -f - 3*o + 5 = 0, 3*f + 1 = -4*o + 11. What is the units digit of ((-15)/(-2) - -2)*f?
9
Suppose 5*h = 4 + 536. Suppose 0*s = 4*s - n - h, 4*s + 4*n = 88. What is the units digit of s?
6
Let d(b) = 18*b**3 + 2*b**2 - b. What is the tens digit of d(1)?
1
Suppose 18 + 3 = w. Suppose 0 = -3*v - 3*r - w, 0*v + 3 = v - 4*r. What is the units digit of (-28)/(-6) - v/15?
5
Let c(k) = -k + 3. Let o be c(7). Let x(t) = -t**3 - 3*t**2 + t + 4. What is the units digit of x(o)?
6
Suppose -4*i + 5 = -3. Let o(m) = -m + 4. Let d be o(4). Let j = i - d. What is the units digit of j?
2
Let o be ((-6)/(-5))/((-3)/15). Let u = o + 14. Suppose u*t - 3*t - 20 = 0. What is the units digit of t?
4
Let g(u) = -5*u - 20. What is the tens digit of g(-7)?
1
Let z = 102 + -63. What is the units digit of z + (2 + -3)*3?
6
What is the units digit of ((-2)/3)/(1/(-27))?
8
Let b(d) = 2*d**2 + 1. Let u be b(2). Let h be (u - 2) + (0 - 3). Suppose h*s - 66 = -10. What is the tens digit of s?
1
Suppose h + h - 112 = -3*y, 5*h - 259 = 3*y. What is the units digit of h?
3
Let j(d) = -d**3 - 7*d - 6. Let q be j(-4). What is the units digit of (-6)/(-33) - q/(-11)?
8
Suppose 2*i - 6*c - 22 = -2*c, -5*c - 15 = 0. Suppose f + 10 = i*v + 44, -42 = 5*v - 3*f. Let o = 15 + v. What is the units digit of o?
9
Let z(m) = 18*m. What is the units digit of z(4)?
2
Let l be (-2 + 25)*-1 - 1. What is the units digit of ((-15)/4)/(9/l)?
0
Let q be (-2 - 1)*12/(-9). Suppose -3*c + q = -5. Suppose -5*f + 2*w = -w - 34, 0 = 4*f + c*w - 11. What is the units digit of f?
5
Let a(t) = -t**3 + 6*t**2 + t + 8. What is the tens digit of a(4)?
4
Suppose 2*s = -m + 9, 0 = -5*m + 2*s + 6 + 75. Suppose 2*y + 3*y = m. Suppose -3*b + 38 = 2*b - y*h, 0 = -4*b + 3*h + 28. What is the units digit of b?
0
Let y(w) = 2*w**2 + 6*w + 27. What is the units digit of y(-13)?
7
Suppose 0 = -4*c - 4*k + 44, 4*c - 33 = c + 2*k. Let u = c + -2. What is the units digit of u?
9
Suppose 51 = -q - 3*z, 0 = 2*q + 3*q + 2*z + 255. Let u = -32 - q. What is the tens digit of u?
1
Suppose z - b - 139 = 0, z - 4*b = -7*b + 127. Suppose -2*c + 4*f - 56 = -z, -3*c = -f - 105. What is the tens digit of c?
3
Let h = -17 - -15. Let c = 18